0*h, 3*h - 21 = -g. What is the units digit of (2 - 3)*(3 - h)?
5
Let f(r) be the second derivative of -7/6*r**3 - r**2 + 1/20*r**5 - r + 0 + 1/3*r**4. What is the units digit of f(-5)?
8
Suppose 16 = 2*g - 3*j, -3*g - 5*j - 1 = 13. Let q be (-35)/(-2) - g/(-4). Suppose 3*z + 5*v = 2*v + q, -5*z + v = -42. What is the units digit of z?
8
Let k(q) = q**2 - q - 7. What is the units digit of k(-5)?
3
Let b(m) = 64*m**2 + m + 1. Let q be b(-1). Suppose -q = -4*i + 28. What is the tens digit of i?
2
Let j be 0 - (-1 + 3) - -107. Suppose -8*y + j = -5*y. What is the tens digit of y?
3
Let g be 3*((-7)/(-3) + 1). What is the units digit of g/(-3)*(-6)/4?
5
Suppose 3*t = 3*a + 117, -t + 2*t + a = 45. Suppose 126 = 4*q + t. What is the tens digit of q?
2
Suppose 3*o + 16 = 5*m, 5*m - 14 - 11 = 0. Suppose -o*w + 2 = -91. What is the tens digit of w?
3
Suppose -684 = -11*m + 8*m. What is the units digit of m?
8
Let l be 1/4 + 1955/20. Suppose -4*z - 26 = -l. What is the tens digit of z?
1
Let p(m) be the first derivative of -m**2 + 13*m + 8. What is the units digit of p(-10)?
3
Let w(i) = -i**3 + 8*i**2 - 10*i - 3. Suppose 0 = 4*m - 24. What is the units digit of w(m)?
9
Let n = 9 - 5. Suppose 4*f - n*r = -r + 18, 0 = 4*f + 5*r - 34. What is the tens digit of 2/f + 76/6?
1
Suppose -2*k + 72 = 3*x, 96 = -x + 5*x + 5*k. What is the tens digit of x?
2
Let f(l) = l - 1. Let z be f(0). Let j = z - -1. Suppose j = 4*y - 12 - 4. What is the units digit of y?
4
Let v be (1/(-2))/((-3)/72). Suppose 3*w - 7 = -u, -w + 3*u + 3 = 14. What is the units digit of (w/(-2))/((-2)/v)?
3
Suppose 4*s = 5*r - 20, 0 = 3*s - 5*s + 3*r - 12. Suppose -3*t = -5*v, 2*t + 0*t + 4*v - 22 = s. Suppose -y - 1 = -t. What is the units digit of y?
4
What is the hundreds digit of (-377)/65*-1*35?
2
Let w(l) = l - 1. Let m be w(3). Suppose 4 = m*f - 5*u, 4*f + 4*u - 6 = f. Suppose 0 = -4*r + 4, 6*y - 5*y + f = 4*r. What is the units digit of y?
2
Let l = -52 - -188. What is the tens digit of l?
3
Suppose 4*o - o - 129 = 0. What is the units digit of o?
3
Suppose -5*a + 6 = -69. Let d = -23 + 47. Suppose -4*r + d = x, -2*r + a = -3*r + 5*x. What is the units digit of r?
5
Suppose 2*y = -y, 0 = p + 5*y - 9. What is the units digit of p?
9
What is the units digit of 3 + 0/(-2) + 41?
4
Let p be 7/(-7) + (1 - 1). Let z(i) = -43*i**3 - 2*i**2 - i. What is the units digit of z(p)?
2
Let k(h) = h**3 - h**2 + 232. What is the units digit of k(0)?
2
Let z = -447 + 646. What is the units digit of z?
9
Let w(z) = z**2 + 10*z - 1. What is the units digit of w(-12)?
3
Suppose 3*b + 33 - 237 = 3*y, -4*y + 349 = 5*b. Let q = -40 + b. What is the units digit of q?
9
Let a be (-4 - -5) + 1*-1. Let g(r) = -1 + 5*r + a + 0. What is the units digit of g(1)?
4
Let t(x) = 3*x**3 - x**2 - 2*x - 3. What is the units digit of t(3)?
3
Suppose -2*y - 8 = 3*g + 2, y + 19 = -5*g. What is the units digit of y?
1
Let c(b) = -b**3 - 3*b**2 + 3*b - 2. Let u be c(-4). Suppose -r - j = 3*r - 7, u*j = 3*r + 3. Suppose -k + 3 = -r. What is the units digit of k?
4
Let r(o) be the third derivative of -o**5/60 + o**4/4 - o**3 + o**2. Let w be 1/(2/24*3). What is the units digit of r(w)?
2
Let z be (19/2 - 2)*-2. Let f = z - -34. Let v = 30 - f. What is the tens digit of v?
1
Let r(w) = -w**3 + 10*w**2 - 8*w - 2. Let v be r(9). Let l be (-6)/4 - 1/(-2). Let t = l + v. What is the units digit of t?
6
Let z = 30 - -2. What is the tens digit of z?
3
Let f be (-2)/(-9) - (-48)/27. Let r(o) = -o**2 - 4*o + 5. Let q be r(-5). Let x = f - q. What is the units digit of x?
2
Suppose 0 = -3*a - p + 174, -4*a + 7*a = -3*p + 180. Let y = a + -39. What is the units digit of y?
8
Let h = 87 - 28. What is the tens digit of h?
5
Suppose -u - 240 = -2*u. Suppose -u = -5*k + 50. What is the units digit of k?
8
Let o(d) = -4*d**2 + d + 2. Let j be o(2). Let m = j - -13. What is the units digit of m?
1
Let a(b) = -b + 5. Suppose -c + 30 - 10 = 4*x, -5*x + 2*c + 38 = 0. Let m be a(x). Let o = 5 + m. What is the units digit of o?
4
Suppose 3*s - 34 = 2*s. Let c = 53 - s. What is the units digit of c?
9
What is the tens digit of -1 + 606/9 - 3/9?
6
Let o(c) be the third derivative of -1/6*c**3 + 1/12*c**4 + 0*c + 0 + 1/60*c**5 - 2*c**2. What is the units digit of o(2)?
7
Let d = 4 + -11. What is the tens digit of (-3)/(-1) - 175/d?
2
What is the tens digit of (-169)/(-2) + 1/2?
8
What is the tens digit of (-237)/2*(-7)/((-147)/(-14))?
7
Let d(o) be the first derivative of o**3/3 - 2*o**2 + 2*o + 1. Let r be d(2). Let q = 4 + r. What is the units digit of q?
2
Let p = 24 - 12. Let u = p + -19. Let c = 14 + u. What is the units digit of c?
7
Let s(y) be the third derivative of y**6/120 + y**5/5 + 5*y**4/12 + y**2. What is the tens digit of s(-11)?
1
Let h(a) be the third derivative of -a**6/120 + a**5/10 + 5*a**4/12 - 4*a**3/3 + 3*a**2. What is the tens digit of h(7)?
1
Let o(u) = -u - 4. Let j be o(-6). Let i(q) = -q**2 - 7*q - 3. Let s be i(-5). Let h = s - j. What is the units digit of h?
5
Let f(d) = d**2 + 3*d - 1. Let r be f(-4). Suppose -3 = r*y - 4*y. What is the units digit of y?
3
Suppose -5*r + o + 147 + 713 = 0, 5*r - 5*o - 840 = 0. What is the units digit of r?
3
What is the units digit of 4 - 4 - -2*2?
4
Suppose 330 = 3*o - o. What is the tens digit of o?
6
Let j = 3 - 2. What is the units digit of j?
1
Let y = -6 - -4. Let k = y + 5. Suppose -3*g + 6 = k. What is the units digit of g?
1
Let r(f) = 24*f + 5. What is the hundreds digit of r(4)?
1
Suppose -6*q + 7*q - 299 = 0. What is the tens digit of q?
9
What is the units digit of 6/21 + 2460/14?
6
Let m = 104 - 50. What is the units digit of m?
4
Suppose -3*w = -5*w + 46. Let y = w - 11. What is the units digit of y?
2
Suppose -2*m - 5*x = -3*x + 4, 3*m - 2 = -x. Suppose -m*q = 3*z, -z + 3 = 5. What is the units digit of q?
3
Let z(s) = -s**3 - 7*s**2 - 1. Let c be z(-7). Suppose -2*q = 6, 0 = -4*f - 5*q - 7. Let t = f + c. What is the units digit of t?
1
Let l be ((-2)/2 + 2)*-1. Let j = 1 - l. What is the units digit of 3*(3 + (-4)/j)?
3
Suppose 0 = -w - 3*m - 9, 4*w - m = -6*m - 1. Suppose w = -t + 20. What is the tens digit of t?
1
Let j be 4 - 20 - (-2)/(-1). Let m = 34 + j. What is the tens digit of m?
1
Suppose -3*y = y + 68. Suppose -5 = -2*x - 23. Let d = x - y. What is the units digit of d?
8
Suppose -p - 38 = -m - 92, 3*p + 5*m - 138 = 0. What is the units digit of p?
1
Let k(s) = s + 3. Let r be 4/(-4) + (1 - -1). Let i be (1 - (r + -1))*5. What is the units digit of k(i)?
8
Let l(u) = 10*u**2 + 5. Let q be l(-4). Suppose -3*m + q = 2*m. What is the units digit of m?
3
Suppose 2*x = w - 3*w + 180, -w - 340 = -4*x. What is the tens digit of x?
8
Let i be (-150)/(-4)*24/30. Let z = i - 21. What is the units digit of z?
9
Let o(i) = i**2 + i + 1. Let d(c) = -c**2 - 9*c - 8. Let n(w) = d(w) + 3*o(w). Suppose -4*b + 2*s + 2 = -28, 5*b - 15 = -2*s. What is the units digit of n(b)?
5
Suppose 5*i + 3*t = -9, -i = 3*t + t + 12. Suppose i*u = -u + 3. Suppose -2*o - 6 = -u*m - 5*o, 5*m = -4*o + 15. What is the units digit of m?
7
Let n = 36 - 31. What is the units digit of n?
5
Let i(j) = 9*j - 2. Let y be i(3). Let s = 51 - y. What is the tens digit of s?
2
Let h(p) = p**3 - 5*p**2 - 5*p - 2. Let m be h(6). Suppose 0 = -3*s + 1 - m. What is the units digit of (11 + 1)/(2 + s)?
2
Let r(f) = -4*f**2 - f + 130. What is the hundreds digit of r(0)?
1
Let l(b) = 3*b**2 - 3*b + 2. Let d be l(3). What is the units digit of (-16)/d*(-5)/2?
2
Suppose n + 12 = 5*n. What is the units digit of 5/3*n/1?
5
Let q(c) = -31*c - 64. What is the tens digit of q(-6)?
2
Let z = -9 + 10. Let l be -3 - (z + -2 + -4). Suppose -l*p + 20 + 16 = 0. What is the tens digit of p?
1
Let n = -14 + 16. Suppose -105 = -j - n*j. What is the tens digit of j?
3
Suppose -n - n + 3*j - 2 = 0, -4 = -2*j. Let r(k) = -6*k**n + 9*k - k + 1 + 3*k**2 + 4*k**2. What is the units digit of r(-8)?
1
Let c(j) be the first derivative of j**3/3 + 2*j**2 - 11*j + 2. What is the tens digit of c(5)?
3
Let c = 0 + 8. What is the units digit of c?
8
Let v(s) be the second derivative of -s**4/12 - s**3 + s**2 + 5*s. What is the units digit of v(-5)?
7
Suppose -3*t - 5*l + 69 = 0, t - 46 = -t + 4*l. Let h = 32 - t. What is the units digit of